
{"id":138,"date":"2019-10-21T22:20:50","date_gmt":"2019-10-21T22:20:50","guid":{"rendered":"https:\/\/ebsm.pt\/base\/?page_id=138"},"modified":"2025-03-07T16:14:20","modified_gmt":"2025-03-07T16:14:20","slug":"exames-provas-finais","status":"publish","type":"page","link":"https:\/\/ebsm.pt\/base\/?page_id=138","title":{"rendered":"Exames\/provas finais"},"content":{"rendered":"\n<h2 class=\"wp-block-heading\"><strong>Publica\u00e7\u00f5es 2024|2025:<\/strong><\/h2>\n\n\n<ul class=\"display-posts-listing\"><li class=\"listing-item\"><a class=\"title\" href=\"https:\/\/ebsm.pt\/base\/?p=7218\">Informa\u00e7\u00f5es &#8211; prova 2024-205 Exames de Equival\u00eancia \u00e0 Frequ\u00eancia<\/a> <span class=\"date\">--- 22-05-2025 - ( 10:28:07)<\/span><\/li><li class=\"listing-item\"><a class=\"title\" href=\"https:\/\/ebsm.pt\/base\/?p=7192\">Contingente de Estudantes com Defici\u00eancia<\/a> <span class=\"date\">--- 14-05-2025 - ( 08:06:26)<\/span><\/li><li class=\"listing-item\"><a class=\"title\" href=\"\">GUIA GERAL de Exames 2025<\/a> <span class=\"date\">--- 01-04-2025 - ( 16:30:24)<\/span><\/li><li class=\"listing-item\"><a class=\"title\" href=\"https:\/\/ebsm.pt\/base\/?p=6722\">Normas e regulamento de exames\/provas 2025<\/a> <span class=\"date\">--- 01-04-2025 - ( 16:15:43)<\/span><\/li><li class=\"listing-item\"><a class=\"title\" href=\"https:\/\/ebsm.pt\/base\/?p=7081\">Inscri\u00e7\u00f5es provas e exames &#8211; Secund\u00e1rio 2025<\/a> <span class=\"date\">--- 07-03-2025 - ( 16:38:55)<\/span><\/li><\/ul>\n\n\n\n<h2 class=\"wp-block-heading\"><strong>Publica\u00e7\u00f5es 2023|2024:<\/strong><\/h2>\n\n\n\n\n\n\n<h2 class=\"wp-block-heading\"><strong>Publica\u00e7\u00f5es 2022|2023:<\/strong><\/h2>\n\n\n\n\n\n\n\n<h2 class=\"wp-block-heading\"><strong>Publica\u00e7\u00f5es 2021|2022:<\/strong><\/h2>\n\n\n\n\n\n\n\n<h2 class=\"wp-block-heading\"><strong>Publica\u00e7\u00f5es 2020|2021:<\/strong><\/h2>\n\n\n\n\n\n\n\n<h2 class=\"wp-block-heading\"><strong>Publica\u00e7\u00f5es 2019|2020:<\/strong><\/h2>\n\n\n\n<ul class=\"display-posts-listing\"><li class=\"listing-item\"><a class=\"title\" href=\"\">GUIA GERAL de Exames 2025<\/a> <span class=\"date\">--- 01-04-2025 - ( 16:30:24)<\/span><\/li><\/ul>\n\n\n\n<p><\/p>\n\n\n\n<p><\/p>\n\n\n\n<p><\/p>\n\n\n\n<p>Para mais informa\u00e7\u00f5es, devem consultar o site do <a href=\"https:\/\/iave.pt\/\" target=\"_blank\" rel=\"noreferrer noopener\">IAVE <\/a>e <a href=\"https:\/\/www.dge.mec.pt\/plataformas-jne\" target=\"_blank\" rel=\"noreferrer noopener\">JNE <\/a>(J\u00fari Nacional de Exames):<\/p>\n\n\n\n<figure class=\"wp-block-image size-full\"><a href=\"https:\/\/iave.pt\/\" target=\"_blank\" rel=\"noreferrer noopener\"><img loading=\"lazy\" decoding=\"async\" width=\"335\" height=\"151\" src=\"https:\/\/ebsm.pt\/base\/wp-content\/uploads\/2023\/04\/IAVE.png\" alt=\"\" class=\"wp-image-5732\" srcset=\"https:\/\/ebsm.pt\/base\/wp-content\/uploads\/2023\/04\/IAVE.png 335w, https:\/\/ebsm.pt\/base\/wp-content\/uploads\/2023\/04\/IAVE-300x135.png 300w\" sizes=\"auto, (max-width: 335px) 100vw, 335px\" \/><\/a><\/figure>\n\n\n\n<figure class=\"wp-block-image size-full\"><a href=\"https:\/\/www.dge.mec.pt\/plataformas-jne\" target=\"_blank\" rel=\"noreferrer noopener\"><img loading=\"lazy\" decoding=\"async\" width=\"189\" height=\"177\" src=\"https:\/\/ebsm.pt\/base\/wp-content\/uploads\/2024\/02\/image-29.png\" alt=\"\" class=\"wp-image-6381\"\/><\/a><\/figure>\n\n\n\n<p class=\"has-small-font-size\">*** A informa\u00e7\u00e3o constante neste sitio n\u00e3o dispensa a consulta das fontes oficiais, nomeadamente o <a rel=\"noreferrer noopener\" aria-label=\"IAVE (Instituto de Informa\u00e7\u00e3o Educativa) (abre num novo separador)\" href=\"http:\/\/iave.pt\/\" target=\"_blank\">IAVE (Instituto de Informa\u00e7\u00e3o Educativa)<\/a> e a secretaria da escola.<\/p>\n\n\n\n<p>&#8212;<\/p>\n","protected":false},"excerpt":{"rendered":"<p>Publica\u00e7\u00f5es 2024|2025: Publica\u00e7\u00f5es 2023|2024: Publica\u00e7\u00f5es 2022|2023: Publica\u00e7\u00f5es 2021|2022: Publica\u00e7\u00f5es 2020|2021: Publica\u00e7\u00f5es 2019|2020: Para mais informa\u00e7\u00f5es, devem consultar o site do IAVE e JNE (J\u00fari Nacional de Exames): *** A informa\u00e7\u00e3o constante neste sitio n\u00e3o dispensa a consulta das fontes oficiais, nomeadamente o IAVE (Instituto de Informa\u00e7\u00e3o Educativa) e a secretaria<\/p>\n","protected":false},"author":1,"featured_media":0,"parent":0,"menu_order":0,"comment_status":"closed","ping_status":"closed","template":"","meta":{"_themeisle_gutenberg_block_has_review":false,"footnotes":"","_links_to":"","_links_to_target":""},"class_list":["post-138","page","type-page","status-publish","hentry"],"_links":{"self":[{"href":"https:\/\/ebsm.pt\/base\/index.php?rest_route=\/wp\/v2\/pages\/138","targetHints":{"allow":["GET"]}}],"collection":[{"href":"https:\/\/ebsm.pt\/base\/index.php?rest_route=\/wp\/v2\/pages"}],"about":[{"href":"https:\/\/ebsm.pt\/base\/index.php?rest_route=\/wp\/v2\/types\/page"}],"author":[{"embeddable":true,"href":"https:\/\/ebsm.pt\/base\/index.php?rest_route=\/wp\/v2\/users\/1"}],"replies":[{"embeddable":true,"href":"https:\/\/ebsm.pt\/base\/index.php?rest_route=%2Fwp%2Fv2%2Fcomments&post=138"}],"version-history":[{"count":23,"href":"https:\/\/ebsm.pt\/base\/index.php?rest_route=\/wp\/v2\/pages\/138\/revisions"}],"predecessor-version":[{"id":7079,"href":"https:\/\/ebsm.pt\/base\/index.php?rest_route=\/wp\/v2\/pages\/138\/revisions\/7079"}],"wp:attachment":[{"href":"https:\/\/ebsm.pt\/base\/index.php?rest_route=%2Fwp%2Fv2%2Fmedia&parent=138"}],"curies":[{"name":"wp","href":"https:\/\/api.w.org\/{rel}","templated":true}]}}