
{"id":1478,"date":"2020-02-07T09:29:02","date_gmt":"2020-02-07T09:29:02","guid":{"rendered":"https:\/\/ebsm.pt\/base\/?page_id=1478"},"modified":"2022-11-12T18:42:36","modified_gmt":"2022-11-12T18:42:36","slug":"desporto-escolar","status":"publish","type":"page","link":"https:\/\/ebsm.pt\/base\/?page_id=1478","title":{"rendered":"Desporto Escolar"},"content":{"rendered":"\n<p>O projeto \u00e9 coordenado pela Dire\u00e7\u00e3o de Servi\u00e7os do Desporto Escolar da Dire\u00e7\u00e3o Regional de Educa\u00e7\u00e3o, que tem por miss\u00e3o utilizar as pr\u00e1ticas f\u00edsicas e desportivas como meio de forma\u00e7\u00e3o integral das crian\u00e7as e jovens em idade escolar, de inclus\u00e3o, de aquisi\u00e7\u00e3o de h\u00e1bitos de vida saud\u00e1veis e de combate ao insucesso e ao abandono escolar.<\/p>\n\n\n\n<p>A nossa escola tem tradi\u00e7\u00e3o de participar nas v\u00e1rias atividades ao longo do ano letivo, elevando o seu nome, n\u00e3o s\u00f3 pelos t\u00edtulos conseguidos, mas acima de tudo, pela forma respeitosa e de fair-play que encara as competi\u00e7\u00f5es.<\/p>\n\n\n\n<h2 class=\"wp-block-heading\">Ano letivo 2022\/2023<\/h2>\n\n\n\n<p>Este ano letivo, a escola oferece as seguintes modalidades:<\/p>\n\n\n\n<figure class=\"wp-block-gallery has-nested-images columns-default is-cropped wp-block-gallery-1 is-layout-flex wp-block-gallery-is-layout-flex\">\n<figure class=\"wp-block-image size-large\"><img decoding=\"async\" data-id=\"5131\" src=\"https:\/\/ebsm.pt\/base\/wp-content\/uploads\/2022\/11\/image-7.png\" alt=\"\" class=\"wp-image-5131\"\/><\/figure>\n\n\n\n<figure class=\"wp-block-image size-large\"><img decoding=\"async\" data-id=\"5132\" src=\"https:\/\/ebsm.pt\/base\/wp-content\/uploads\/2022\/11\/image-8.png\" alt=\"\" class=\"wp-image-5132\"\/><\/figure>\n\n\n\n<figure class=\"wp-block-image size-large\"><img decoding=\"async\" data-id=\"5133\" src=\"https:\/\/ebsm.pt\/base\/wp-content\/uploads\/2022\/11\/image-9.png\" alt=\"\" class=\"wp-image-5133\"\/><\/figure>\n\n\n\n<figure class=\"wp-block-image size-large\"><img decoding=\"async\" data-id=\"5134\" src=\"https:\/\/ebsm.pt\/base\/wp-content\/uploads\/2022\/11\/image-10.png\" alt=\"\" class=\"wp-image-5134\"\/><\/figure>\n\n\n\n<figure class=\"wp-block-image size-large\"><img decoding=\"async\" data-id=\"5135\" src=\"https:\/\/ebsm.pt\/base\/wp-content\/uploads\/2022\/11\/image-11.png\" alt=\"\" class=\"wp-image-5135\"\/><\/figure>\n\n\n\n<figure class=\"wp-block-image size-large\"><img decoding=\"async\" data-id=\"5136\" src=\"https:\/\/ebsm.pt\/base\/wp-content\/uploads\/2022\/11\/image-12.png\" alt=\"\" class=\"wp-image-5136\"\/><\/figure>\n\n\n\n<figure class=\"wp-block-image size-large\"><img decoding=\"async\" data-id=\"5137\" src=\"https:\/\/ebsm.pt\/base\/wp-content\/uploads\/2022\/11\/image-13.png\" alt=\"\" class=\"wp-image-5137\"\/><\/figure>\n\n\n\n<figure class=\"wp-block-image size-large\"><img decoding=\"async\" data-id=\"5138\" src=\"https:\/\/ebsm.pt\/base\/wp-content\/uploads\/2022\/11\/image-14.png\" alt=\"\" class=\"wp-image-5138\"\/><\/figure>\n<\/figure>\n\n\n\n<p><\/p>\n\n\n\n<p><\/p>\n\n\n\n<p><\/p>\n\n\n\n<p><\/p>\n\n\n\n<p><\/p>\n\n\n\n<p><\/p>\n","protected":false},"excerpt":{"rendered":"<p>O projeto \u00e9 coordenado pela Dire\u00e7\u00e3o de Servi\u00e7os do Desporto Escolar da Dire\u00e7\u00e3o Regional de Educa\u00e7\u00e3o, que tem por miss\u00e3o utilizar as pr\u00e1ticas f\u00edsicas e desportivas como meio de forma\u00e7\u00e3o integral das crian\u00e7as e jovens em idade escolar, de inclus\u00e3o, de aquisi\u00e7\u00e3o de h\u00e1bitos de vida saud\u00e1veis e de combate<\/p>\n","protected":false},"author":1,"featured_media":0,"parent":0,"menu_order":0,"comment_status":"closed","ping_status":"closed","template":"page-rightsb.php","meta":{"_themeisle_gutenberg_block_has_review":false,"footnotes":"","_links_to":"","_links_to_target":""},"class_list":["post-1478","page","type-page","status-publish","hentry"],"_links":{"self":[{"href":"https:\/\/ebsm.pt\/base\/index.php?rest_route=\/wp\/v2\/pages\/1478","targetHints":{"allow":["GET"]}}],"collection":[{"href":"https:\/\/ebsm.pt\/base\/index.php?rest_route=\/wp\/v2\/pages"}],"about":[{"href":"https:\/\/ebsm.pt\/base\/index.php?rest_route=\/wp\/v2\/types\/page"}],"author":[{"embeddable":true,"href":"https:\/\/ebsm.pt\/base\/index.php?rest_route=\/wp\/v2\/users\/1"}],"replies":[{"embeddable":true,"href":"https:\/\/ebsm.pt\/base\/index.php?rest_route=%2Fwp%2Fv2%2Fcomments&post=1478"}],"version-history":[{"count":12,"href":"https:\/\/ebsm.pt\/base\/index.php?rest_route=\/wp\/v2\/pages\/1478\/revisions"}],"predecessor-version":[{"id":5144,"href":"https:\/\/ebsm.pt\/base\/index.php?rest_route=\/wp\/v2\/pages\/1478\/revisions\/5144"}],"wp:attachment":[{"href":"https:\/\/ebsm.pt\/base\/index.php?rest_route=%2Fwp%2Fv2%2Fmedia&parent=1478"}],"curies":[{"name":"wp","href":"https:\/\/api.w.org\/{rel}","templated":true}]}}

<p>O projeto é coordenado pela Direção de Serviços do Desporto Escolar da Direção Regional de Educação, que tem por missão utilizar as práticas físicas e desportivas como meio de formação integral das crianças e jovens em idade escolar, de inclusão, de aquisição de hábitos de vida saudáveis e de combate ao insucesso e ao abandono escolar.</p>



<p>A nossa escola tem tradição de participar nas várias atividades ao longo do ano letivo, elevando o seu nome, não só pelos títulos conseguidos, mas acima de tudo, pela forma respeitosa e de fair-play que encara as competições.</p>



<h2 class="wp-block-heading">Ano letivo 2022/2023</h2>



<p>Este ano letivo, a escola oferece as seguintes modalidades:</p>



<figure class="wp-block-gallery has-nested-images columns-default is-cropped wp-block-gallery-1 is-layout-flex wp-block-gallery-is-layout-flex">
<figure class="wp-block-image size-large"><img decoding="async" data-id="5131" src="https://ebsm.pt/base/wp-content/uploads/2022/11/image-7.png" alt="" class="wp-image-5131"/></figure>



<figure class="wp-block-image size-large"><img decoding="async" data-id="5132" src="https://ebsm.pt/base/wp-content/uploads/2022/11/image-8.png" alt="" class="wp-image-5132"/></figure>



<figure class="wp-block-image size-large"><img decoding="async" data-id="5133" src="https://ebsm.pt/base/wp-content/uploads/2022/11/image-9.png" alt="" class="wp-image-5133"/></figure>



<figure class="wp-block-image size-large"><img decoding="async" data-id="5134" src="https://ebsm.pt/base/wp-content/uploads/2022/11/image-10.png" alt="" class="wp-image-5134"/></figure>



<figure class="wp-block-image size-large"><img decoding="async" data-id="5135" src="https://ebsm.pt/base/wp-content/uploads/2022/11/image-11.png" alt="" class="wp-image-5135"/></figure>



<figure class="wp-block-image size-large"><img decoding="async" data-id="5136" src="https://ebsm.pt/base/wp-content/uploads/2022/11/image-12.png" alt="" class="wp-image-5136"/></figure>



<figure class="wp-block-image size-large"><img decoding="async" data-id="5137" src="https://ebsm.pt/base/wp-content/uploads/2022/11/image-13.png" alt="" class="wp-image-5137"/></figure>



<figure class="wp-block-image size-large"><img decoding="async" data-id="5138" src="https://ebsm.pt/base/wp-content/uploads/2022/11/image-14.png" alt="" class="wp-image-5138"/></figure>
</figure>



<p></p>



<p></p>



<p></p>



<p></p>



<p></p>



<p></p>

<p>O projeto é coordenado pela Direção de Serviços do Desporto Escolar da Direção Regional de Educação, que tem por missão utilizar as práticas físicas e desportivas como meio de formação integral das crianças e jovens em idade escolar, de inclusão, de aquisição de hábitos de vida saudáveis e de combate</p>
