
{"id":234,"date":"2019-10-21T22:53:50","date_gmt":"2019-10-21T22:53:50","guid":{"rendered":"https:\/\/ebsm.pt\/base\/?page_id=234"},"modified":"2020-01-07T14:02:05","modified_gmt":"2020-01-07T14:02:05","slug":"biblioteca","status":"publish","type":"page","link":"https:\/\/ebsm.pt\/base\/?page_id=234","title":{"rendered":"Biblioteca"},"content":{"rendered":"\n<figure class=\"wp-block-image size-large\"><img loading=\"lazy\" decoding=\"async\" width=\"600\" height=\"207\" src=\"https:\/\/ebsm.pt\/base\/wp-content\/uploads\/2020\/01\/Biblioteca-1.jpg\" alt=\"\" class=\"wp-image-882\" srcset=\"https:\/\/ebsm.pt\/base\/wp-content\/uploads\/2020\/01\/Biblioteca-1.jpg 600w, https:\/\/ebsm.pt\/base\/wp-content\/uploads\/2020\/01\/Biblioteca-1-300x104.jpg 300w\" sizes=\"auto, (max-width: 600px) 100vw, 600px\" \/><\/figure>\n\n\n\n<p><strong>Hor\u00e1rio diurno<\/strong><br>Per\u00edodo Diurno  &#8211;  09:00 &#8211; 18:00<\/p>\n\n\n\n<p><strong>Hor\u00e1rio noturno<\/strong><br>Per\u00edodo Diurno  &#8211;  19:00 &#8211; 21:30 <\/p>\n","protected":false},"excerpt":{"rendered":"<p>Hor\u00e1rio diurnoPer\u00edodo Diurno &#8211; 09:00 &#8211; 18:00 Hor\u00e1rio noturnoPer\u00edodo Diurno &#8211; 19:00 &#8211; 21:30<\/p>\n","protected":false},"author":1,"featured_media":0,"parent":0,"menu_order":0,"comment_status":"closed","ping_status":"closed","template":"","meta":{"_themeisle_gutenberg_block_has_review":false,"footnotes":"","_links_to":"","_links_to_target":""},"class_list":["post-234","page","type-page","status-publish","hentry"],"_links":{"self":[{"href":"https:\/\/ebsm.pt\/base\/index.php?rest_route=\/wp\/v2\/pages\/234","targetHints":{"allow":["GET"]}}],"collection":[{"href":"https:\/\/ebsm.pt\/base\/index.php?rest_route=\/wp\/v2\/pages"}],"about":[{"href":"https:\/\/ebsm.pt\/base\/index.php?rest_route=\/wp\/v2\/types\/page"}],"author":[{"embeddable":true,"href":"https:\/\/ebsm.pt\/base\/index.php?rest_route=\/wp\/v2\/users\/1"}],"replies":[{"embeddable":true,"href":"https:\/\/ebsm.pt\/base\/index.php?rest_route=%2Fwp%2Fv2%2Fcomments&post=234"}],"version-history":[{"count":9,"href":"https:\/\/ebsm.pt\/base\/index.php?rest_route=\/wp\/v2\/pages\/234\/revisions"}],"predecessor-version":[{"id":884,"href":"https:\/\/ebsm.pt\/base\/index.php?rest_route=\/wp\/v2\/pages\/234\/revisions\/884"}],"wp:attachment":[{"href":"https:\/\/ebsm.pt\/base\/index.php?rest_route=%2Fwp%2Fv2%2Fmedia&parent=234"}],"curies":[{"name":"wp","href":"https:\/\/api.w.org\/{rel}","templated":true}]}}