
{"id":6299,"date":"2024-02-06T22:45:10","date_gmt":"2024-02-06T22:45:10","guid":{"rendered":"https:\/\/ebsm.pt\/base\/?page_id=6299"},"modified":"2024-02-06T22:47:47","modified_gmt":"2024-02-06T22:47:47","slug":"pgrcic","status":"publish","type":"page","link":"https:\/\/ebsm.pt\/base\/?page_id=6299","title":{"rendered":"PGRCIC"},"content":{"rendered":"\n<h2 class=\"wp-block-heading\"><a href=\"https:\/\/ebsm.pt\/base\/wp-content\/uploads\/2024\/02\/PGRCIC-FINAL-PAG-EBSMACHICO-2024.pdf\" target=\"_blank\" rel=\"noreferrer noopener\">Plano de Gest\u00e3o de Riscos de Corrup\u00e7\u00e3o e Infra\u00e7\u00f5es Conexas<\/a> &#8211; EBSM<\/h2>\n\n\n\n<p><\/p>\n\n\n\n<p>Regime Geral de Prote\u00e7\u00e3o de Denunciantes de Infra\u00e7\u00f5es (RGPDI), Lei n.\u00ba 93\/2021 de 20 de dezembro.<\/p>\n\n\n\n<p><strong>Redirecionamento ao Canal de Den\u00fancias do Governo Regional da Madeira<\/strong><\/p>\n\n\n\n<div class=\"wp-block-buttons is-layout-flex wp-block-buttons-is-layout-flex\">\n<div class=\"wp-block-button\"><a class=\"wp-block-button__link wp-element-button\" href=\"https:\/\/canaldenuncias.madeira.gov.pt\/\" target=\"_blank\" rel=\"noreferrer noopener\">CANAL DE DEN\u00daNCIAS<\/a><\/div>\n<\/div>\n\n\n\n<p><\/p>\n","protected":false},"excerpt":{"rendered":"<p>Plano de Gest\u00e3o de Riscos de Corrup\u00e7\u00e3o e Infra\u00e7\u00f5es Conexas &#8211; EBSM Regime Geral de Prote\u00e7\u00e3o de Denunciantes de Infra\u00e7\u00f5es (RGPDI), Lei n.\u00ba 93\/2021 de 20 de dezembro. Redirecionamento ao Canal de Den\u00fancias do Governo Regional da Madeira<\/p>\n","protected":false},"author":1,"featured_media":6301,"parent":0,"menu_order":0,"comment_status":"closed","ping_status":"closed","template":"","meta":{"_themeisle_gutenberg_block_has_review":false,"footnotes":"","_links_to":"","_links_to_target":""},"class_list":["post-6299","page","type-page","status-publish","has-post-thumbnail","hentry"],"_links":{"self":[{"href":"https:\/\/ebsm.pt\/base\/index.php?rest_route=\/wp\/v2\/pages\/6299","targetHints":{"allow":["GET"]}}],"collection":[{"href":"https:\/\/ebsm.pt\/base\/index.php?rest_route=\/wp\/v2\/pages"}],"about":[{"href":"https:\/\/ebsm.pt\/base\/index.php?rest_route=\/wp\/v2\/types\/page"}],"author":[{"embeddable":true,"href":"https:\/\/ebsm.pt\/base\/index.php?rest_route=\/wp\/v2\/users\/1"}],"replies":[{"embeddable":true,"href":"https:\/\/ebsm.pt\/base\/index.php?rest_route=%2Fwp%2Fv2%2Fcomments&post=6299"}],"version-history":[{"count":3,"href":"https:\/\/ebsm.pt\/base\/index.php?rest_route=\/wp\/v2\/pages\/6299\/revisions"}],"predecessor-version":[{"id":6305,"href":"https:\/\/ebsm.pt\/base\/index.php?rest_route=\/wp\/v2\/pages\/6299\/revisions\/6305"}],"wp:featuredmedia":[{"embeddable":true,"href":"https:\/\/ebsm.pt\/base\/index.php?rest_route=\/wp\/v2\/media\/6301"}],"wp:attachment":[{"href":"https:\/\/ebsm.pt\/base\/index.php?rest_route=%2Fwp%2Fv2%2Fmedia&parent=6299"}],"curies":[{"name":"wp","href":"https:\/\/api.w.org\/{rel}","templated":true}]}}