
{"id":81,"date":"2019-10-17T22:38:56","date_gmt":"2019-10-17T22:38:56","guid":{"rendered":"https:\/\/ebsm.pt\/base\/?page_id=81"},"modified":"2022-11-28T16:20:41","modified_gmt":"2022-11-28T16:20:41","slug":"conselho-da-comunidade-educativa","status":"publish","type":"page","link":"https:\/\/ebsm.pt\/base\/?page_id=81","title":{"rendered":"Conselho da Comunidade Educativa"},"content":{"rendered":"\n<p>O conselho da comunidade educativa \u00e9 o \u00f3rg\u00e3o de direc\u00e7\u00e3o da escola respons\u00e1vel pela defini\u00e7\u00e3o da sua pol\u00edtica, de forma substantiva e n\u00e3o instrumental, privilegiando-se a participa\u00e7\u00e3o na tomada de decis\u00e3o em detrimento da participa\u00e7\u00e3o na execu\u00e7\u00e3o de decis\u00f5es tomadas por terceiros, sendo os seus membros docentes eleitos de acordo com o m\u00e9todo de representa\u00e7\u00e3o proporcional de m\u00e9dia mais alta de Hondt e assegurando-se que o \u00f3rg\u00e3o executivo toma posse e executa as pol\u00edticas educativas por este delineadas.<\/p>\n\n\n\n<p>O Decreto Legislativo Regional n.\u00ba 21\/2006\/M estabelece, tamb\u00e9m, e de forma inequ\u00edvoca, que &#8220;o conselho executivo, evolu\u00e7\u00e3o da direc\u00e7\u00e3o executiva do Decreto Legislativo Regional n.\u00ba 4\/2000\/M, de 31 de Janeiro, \u00e9 o \u00f3rg\u00e3o de gest\u00e3o da escola, composto por tr\u00eas ou cinco elementos, consoante o n\u00famero de alunos do estabelecimento de ensino ou n\u00edvel de ensino, numa perspectiva de refor\u00e7o da estrutura executiva&#8221;.<\/p>\n\n\n\n<p>&#8221; \u00c9 neste quadro de descentraliza\u00e7\u00e3o da administra\u00e7\u00e3o educativa e consequente autonomia das escolas, numa perspectiva de decidir \u00abcom e n\u00e3o sobre\u00bb, <strong>que se sublinham os princ\u00edpios democr\u00e1ticos de participa\u00e7\u00e3o e de exerc\u00edcio de cidadania cr\u00edtica<\/strong>, princ\u00edpios estes distintos de meras t\u00e9cnicas de gest\u00e3o que sublimam a execu\u00e7\u00e3o das decis\u00f5es superiormente tomadas por outros. &#8220;<\/p>\n\n\n\n<p><strong>Compet\u00eancias<\/strong><\/p>\n\n\n\n<p>1 &#8211; Ao conselho da comunidade educativa compete:<br>a) Eleger o respetivo presidente de entre os seus membros docentes;<br>b) Aprovar o projeto educativo da escola, acompanhar e avaliar a sua execu\u00e7\u00e3o;<br>c) Aprovar o regulamento interno da escola;<br>d) Dar parecer sobre o plano anual de escola, verificando da sua conformidade com o projeto educativo;<br>e) Apreciar os relat\u00f3rios peri\u00f3dicos e o relat\u00f3rio final de execu\u00e7\u00e3o do plano anual de escola;<br>f) Dar parecer sobre as linhas orientadoras de elabora\u00e7\u00e3o do or\u00e7amento;<br>g) Dar parecer sobre as contas de ger\u00eancia;<br>h) Apreciar os resultados do processo de avalia\u00e7\u00e3o interna e externa da escola, propondo e promovendo as medidas tendentes \u00e0 melhoria da qualidade do servi\u00e7o p\u00fablico de educa\u00e7\u00e3o;<br>i) Promover e incentivar o relacionamento no seio da comunidade educativa;<br>j) Propor aos \u00f3rg\u00e3os competentes e colaborar ativamente em atividades necess\u00e1rias \u00e0 forma\u00e7\u00e3o para a participa\u00e7\u00e3o e para a responsabiliza\u00e7\u00e3o dos diversos sectores da comunidade educativa, designadamente na defini\u00e7\u00e3o e presta\u00e7\u00e3o de apoio s\u00f3cio-educativo;<br>l) Propor e colaborar ativamente em atividades de forma\u00e7\u00e3o c\u00edvica e cultural dos seus representantes;<br>m) Nomear e dar posse aos membros do conselho executivo ou diretor e adjuntos;<br>n) Exercer as demais compet\u00eancias que lhe forem atribu\u00eddas na lei e no regulamento interno.<br>2 &#8211; No desempenho das suas fun\u00e7\u00f5es e compet\u00eancias, o conselho da comunidade educativa tem a faculdade de requerer aos restantes \u00f3rg\u00e3os as informa\u00e7\u00f5es necess\u00e1rias para a realiza\u00e7\u00e3o eficaz do acompanhamento e a avalia\u00e7\u00e3o relativa a todo o funcionamento da institui\u00e7\u00e3o educativa, bem como de lhes dirigir recomenda\u00e7\u00f5es, com vista ao desenvolvimento do projeto educativo e ao cumprimento do plano anual de escola.<br>3 &#8211; Para o desempenho das suas fun\u00e7\u00f5es \u00e9 atribu\u00edda ao presidente do conselho da comunidade educativa uma redu\u00e7\u00e3o na sua componente letiva de duas horas semanais.<\/p>\n\n\n\n<p class=\"has-text-align-right\"> Fonte: O Decreto Legislativo Regional n.\u00ba 21\/2006\/M <\/p>\n\n\n\n<p><strong>Composi\u00e7\u00e3o:<\/strong><\/p>\n\n\n\n<p>Ana Rosa Freitas Freitas (Docente &#8211; Presidente)<br>Jos\u00e9 Maria Carvalho Dias (Diretor Executivo)<\/p>\n\n\n\n<p>Emanuel Lu\u00eds Fernandes (Docente)<br>Jacqueline Nunes Olim Bettencourt (Docente)<br>Jorge Manuel Alves Caldeira (Docente)<br>Magna Isabel Serpa Morna Nascimento (Docente)<br>Paula Maria Maia Peres Gouveia Vieira (Docente)<br>S\u00e9rgio Paulo Alves Carvalho (Docente)<br>Susana F\u00e1tima Vir\u00edssimo Silva (Docente)<\/p>\n\n\n\n<p>Maria Fernandes Pereira (Assistente T\u00e9cnica)<br>Sandra Marise Lopes de P\u00e3o Freitas (Assistente Operacional)<\/p>\n\n\n\n<p>Andr\u00e9 Silva Barreto (Aluno)<br>Miguel Azevedo de Sousa Abreu (Aluno)<\/p>\n\n\n\n<p>Maria Manuel Borges Silva (Encarregado de Educa\u00e7\u00e3o)<br>Richard Ant\u00f3nio Dias Abreu (Encarregado de Educa\u00e7\u00e3o)<\/p>\n\n\n\n<p>M\u00f3nica Maria Ver\u00edssimo Vieira (Vereadora da C\u00e2mara Municipal de Machico)<\/p>\n","protected":false},"excerpt":{"rendered":"<p>O conselho da comunidade educativa \u00e9 o \u00f3rg\u00e3o de direc\u00e7\u00e3o da escola respons\u00e1vel pela defini\u00e7\u00e3o da sua pol\u00edtica, de forma substantiva e n\u00e3o instrumental, privilegiando-se a participa\u00e7\u00e3o na tomada de decis\u00e3o em detrimento da participa\u00e7\u00e3o na execu\u00e7\u00e3o de decis\u00f5es tomadas por terceiros, sendo os seus membros docentes eleitos de acordo<\/p>\n","protected":false},"author":1,"featured_media":0,"parent":0,"menu_order":0,"comment_status":"closed","ping_status":"closed","template":"","meta":{"_themeisle_gutenberg_block_has_review":false,"footnotes":"","_links_to":"","_links_to_target":""},"class_list":["post-81","page","type-page","status-publish","hentry"],"_links":{"self":[{"href":"https:\/\/ebsm.pt\/base\/index.php?rest_route=\/wp\/v2\/pages\/81","targetHints":{"allow":["GET"]}}],"collection":[{"href":"https:\/\/ebsm.pt\/base\/index.php?rest_route=\/wp\/v2\/pages"}],"about":[{"href":"https:\/\/ebsm.pt\/base\/index.php?rest_route=\/wp\/v2\/types\/page"}],"author":[{"embeddable":true,"href":"https:\/\/ebsm.pt\/base\/index.php?rest_route=\/wp\/v2\/users\/1"}],"replies":[{"embeddable":true,"href":"https:\/\/ebsm.pt\/base\/index.php?rest_route=%2Fwp%2Fv2%2Fcomments&post=81"}],"version-history":[{"count":16,"href":"https:\/\/ebsm.pt\/base\/index.php?rest_route=\/wp\/v2\/pages\/81\/revisions"}],"predecessor-version":[{"id":5192,"href":"https:\/\/ebsm.pt\/base\/index.php?rest_route=\/wp\/v2\/pages\/81\/revisions\/5192"}],"wp:attachment":[{"href":"https:\/\/ebsm.pt\/base\/index.php?rest_route=%2Fwp%2Fv2%2Fmedia&parent=81"}],"curies":[{"name":"wp","href":"https:\/\/api.w.org\/{rel}","templated":true}]}}

<p>O conselho da comunidade educativa é o órgão de direcção da escola responsável pela definição da sua política, de forma substantiva e não instrumental, privilegiando-se a participação na tomada de decisão em detrimento da participação na execução de decisões tomadas por terceiros, sendo os seus membros docentes eleitos de acordo com o método de representação proporcional de média mais alta de Hondt e assegurando-se que o órgão executivo toma posse e executa as políticas educativas por este delineadas.</p>



<p>O Decreto Legislativo Regional n.º 21/2006/M estabelece, também, e de forma inequívoca, que &#8220;o conselho executivo, evolução da direcção executiva do Decreto Legislativo Regional n.º 4/2000/M, de 31 de Janeiro, é o órgão de gestão da escola, composto por três ou cinco elementos, consoante o número de alunos do estabelecimento de ensino ou nível de ensino, numa perspectiva de reforço da estrutura executiva&#8221;.</p>



<p>&#8221; É neste quadro de descentralização da administração educativa e consequente autonomia das escolas, numa perspectiva de decidir «com e não sobre», <strong>que se sublinham os princípios democráticos de participação e de exercício de cidadania crítica</strong>, princípios estes distintos de meras técnicas de gestão que sublimam a execução das decisões superiormente tomadas por outros. &#8220;</p>



<p><strong>Competências</strong></p>



<p>1 &#8211; Ao conselho da comunidade educativa compete:<br>a) Eleger o respetivo presidente de entre os seus membros docentes;<br>b) Aprovar o projeto educativo da escola, acompanhar e avaliar a sua execução;<br>c) Aprovar o regulamento interno da escola;<br>d) Dar parecer sobre o plano anual de escola, verificando da sua conformidade com o projeto educativo;<br>e) Apreciar os relatórios periódicos e o relatório final de execução do plano anual de escola;<br>f) Dar parecer sobre as linhas orientadoras de elaboração do orçamento;<br>g) Dar parecer sobre as contas de gerência;<br>h) Apreciar os resultados do processo de avaliação interna e externa da escola, propondo e promovendo as medidas tendentes à melhoria da qualidade do serviço público de educação;<br>i) Promover e incentivar o relacionamento no seio da comunidade educativa;<br>j) Propor aos órgãos competentes e colaborar ativamente em atividades necessárias à formação para a participação e para a responsabilização dos diversos sectores da comunidade educativa, designadamente na definição e prestação de apoio sócio-educativo;<br>l) Propor e colaborar ativamente em atividades de formação cívica e cultural dos seus representantes;<br>m) Nomear e dar posse aos membros do conselho executivo ou diretor e adjuntos;<br>n) Exercer as demais competências que lhe forem atribuídas na lei e no regulamento interno.<br>2 &#8211; No desempenho das suas funções e competências, o conselho da comunidade educativa tem a faculdade de requerer aos restantes órgãos as informações necessárias para a realização eficaz do acompanhamento e a avaliação relativa a todo o funcionamento da instituição educativa, bem como de lhes dirigir recomendações, com vista ao desenvolvimento do projeto educativo e ao cumprimento do plano anual de escola.<br>3 &#8211; Para o desempenho das suas funções é atribuída ao presidente do conselho da comunidade educativa uma redução na sua componente letiva de duas horas semanais.</p>



<p class="has-text-align-right"> Fonte: O Decreto Legislativo Regional n.º 21/2006/M </p>



<p><strong>Composição:</strong></p>



<p>Ana Rosa Freitas Freitas (Docente &#8211; Presidente)<br>José Maria Carvalho Dias (Diretor Executivo)</p>



<p>Emanuel Luís Fernandes (Docente)<br>Jacqueline Nunes Olim Bettencourt (Docente)<br>Jorge Manuel Alves Caldeira (Docente)<br>Magna Isabel Serpa Morna Nascimento (Docente)<br>Paula Maria Maia Peres Gouveia Vieira (Docente)<br>Sérgio Paulo Alves Carvalho (Docente)<br>Susana Fátima Viríssimo Silva (Docente)</p>



<p>Maria Fernandes Pereira (Assistente Técnica)<br>Sandra Marise Lopes de Pão Freitas (Assistente Operacional)</p>



<p>André Silva Barreto (Aluno)<br>Miguel Azevedo de Sousa Abreu (Aluno)</p>



<p>Maria Manuel Borges Silva (Encarregado de Educação)<br>Richard António Dias Abreu (Encarregado de Educação)</p>



<p>Mónica Maria Veríssimo Vieira (Vereadora da Câmara Municipal de Machico)</p>

<p>O conselho da comunidade educativa é o órgão de direcção da escola responsável pela definição da sua política, de forma substantiva e não instrumental, privilegiando-se a participação na tomada de decisão em detrimento da participação na execução de decisões tomadas por terceiros, sendo os seus membros docentes eleitos de acordo</p>
